/3 + 4*c**3/3 + 2129*c**2. Calculate z(w).
1
Let t(c) = -24*c - 1. Let y(p) = -25*p - 1. Let z(v) = -7*t(v) + 6*y(v). Suppose 0 = g + 7*g + 16. Let r be (2/4)/((-1)/g). Give z(r).
19
Suppose -2*v - 16 = -4*x, -10*x + 12*x - 12 = -v. Let p(c) be the first derivative of -1/2*c**2 + v - 3*c. Calculate p(-5).
2
Let c(g) = -g**3 + g. Let k be (-6)/(-21) + -13*(-2)/7. Suppose 0 = -v + 2*d - 72, v + d = k*d - 71. Let n = -72 - v. Calculate c(n).
-6
Let o = 557 + -549. Let r(v) = -v + 4 + o - 1 - 2 - 2. Give r(10).
-3
Let k(i) = 7*i**2 + 3*i - 4. Let j(a) = a**3 - a**2 - 1. Let r(q) = -j(q) - k(q). Suppose -486*h = -662*h - 704. Give r(h).
-15
Suppose -20*g + 142 + 178 = 0. Let a(t) = -g*t + 49*t - 32*t - 9. Calculate a(9).
0
Let c be 0/((-2*6/(-6))/(-2)). Suppose -9*o + 10*o + 5 = c. Let k(n) = n - 5. Calculate k(o).
-10
Let r(f) be the second derivative of -f**2 + 11*f + 5/6*f**3 + 1/12*f**4 + 0. Give r(-5).
-2
Let o(j) = -2*j + 4*j - 8 - j. Suppose -r + 5*v = 4*v - 24, v = 4*r - 96. Suppose -2*d - 3*d = -f - 26, -2*f = -3*d + r. Calculate o(f).
-14
Let c(u) = -u + 2*u - 12 + 13 + 0*u. Let w(s) = 8*s + 13. Let g be w(4). Suppose 0 = 5*y + 5*h + g, -2*h + 4 = -2*y + 2. Calculate c(y).
-4
Let o(u) = 28 - 3 - 7 - 3 + u - 1. Let f(d) = d**2 - d - 7. Let b be f(0). Give o(b).
7
Let l(v) = 5*v - 30*v - 366 + 404. Let g(y) = -5*y + 7. Let s(b) = -11*g(b) + 2*l(b). Determine s(1).
4
Let m(r) = -2*r**3 - 6*r**2 + 3*r + 10. Let i be m(-3). Suppose -14*d - i = -15*d + v, 0 = 4*d - v + 8. Let w(g) = -g**3 - 3*g**2 + 4*g. What is w(d)?
-12
Let t(i) = 6*i - 23. Let k(c) = -c + 1. Let w(n) = 5*k(n) + t(n). Let z = -3851 + 3851. Give w(z).
-18
Let u(q) = -q**2 + 6*q + 2*q**2 - 3*q**2 + 2. Let g be u(4). Let a(w) = 1 - 3*w + 55840*w**2 - 2*w - 2 - 55841*w**2. Determine a(g).
-7
Let w(g) = 41*g + 219. Let l(y) = -20*y - 99. Let v(s) = 13*l(s) + 6*w(s). Give v(2).
-1
Suppose 0 = v + 4*v + 15. Let n be (-3 + 9)*(-1)/v. Let x(z) = 52*z + 12. Let y(q) = 83*q + 19. Let w(a) = -8*x(a) + 5*y(a). Give w(n).
-3
Suppose 318 = 40*o - 722. Let d(a) = -a**2 + 27*a + 37. What is d(o)?
63
Let v(s) = s**3 + 7*s**2 + 4*s - 8. Let m = -56 + 81. Let z = m - 59. Let c = z + 28. Calculate v(c).
4
Let b be (-12)/(-8)*24/(-9). Let p be (-4)/(3*(b/(-3) + -2)). Let k = 3 - p. Let c(i) = -i. Determine c(k).
-1
Let q(m) be the third derivative of 0*m**5 + 0 - 5/24*m**4 - 13*m**2 + 0*m**3 + 0*m + 1/360*m**6. Let a(o) be the second derivative of q(o). Give a(3).
6
Let q(p) be the first derivative of -p**4/4 - 7*p**3/3 - p**2/2 + 12*p + 1142. Give q(-6).
-18
Let s(d) = 3*d**3 - 35*d**2 - 23*d + 35. Let b(y) = -14*y**3 + 142*y**2 + 89*y - 141. Let o(n) = -2*b(n) - 9*s(n). What is o(-30)?
-3
Let z(p) = -p**3 - 5*p**2 - 3*p + 7. Suppose -106 = -4*l + 5*w, -4*l = -4*w - 0*w - 108. Suppose -l = -8*o - 69. Calculate z(o).
22
Suppose -15 = 6*h + 3. Suppose 2*u - 9 + 140 = 5*m, 3*m - 91 = -5*u. Let r(y) = -12*y + y**2 - 2 + m*y - 14*y. What is r(h)?
4
Let k(m) = -2*m + 1. Let j(d) = 5*d - 2. Let i(q) = 3*j(q) + 7*k(q). Let t be (1 + 12/(-9))/((-4)/(-24)). Let y be (3 - 7) + 1 - t - 1. Determine i(y).
-1
Let f(w) = -8*w**3 + w**2 - 28*w - 27. Let x(b) = -11*b**3 + 2*b**2 - 40*b - 40. Let n(h) = -7*f(h) + 5*x(h). What is n(-4)?
-11
Let f(s) = 61*s + 1 + 50*s + 73*s - 189*s - s**2. Determine f(-4).
5
Suppose -15*k = -340*k + 107 + 1193. Let b(d) = d**2 - 1. Let x(o) = o**2 - 4*o - 5. Let c(n) = -3*b(n) + x(n). Calculate c(k).
-50
Let p(z) = 2*z - 2. Suppose 28*y = 24*y - 468. Let i = 119 + y. Calculate p(i).
2
Let v(h) be the first derivative of -5/2*h**2 + 42 - 46*h. Calculate v(-10).
4
Let g(k) = -43*k - 938. Let j be g(-22). Let q(c) be the first derivative of 0*c**2 + 1/4*c**4 + j - 4/3*c**3 - 2*c. Determine q(4).
-2
Let v(n) = 33*n**2 + 37*n**2 + 25*n + 9 - n**3 - 11 - 68*n**2. Give v(-4).
-6
Suppose -832*b + 3072 = 576. Let a(k) = -6*k. Let o(l) = -l - 1. Let x(z) = a(z) - 2*o(z). Determine x(b).
-10
Let a(n) = -292*n**2 + 10*n + 32. Let x(t) = -49*t**2 + t + 6. Let k(z) = a(z) - 6*x(z). Suppose 3*o - w = 9, -2*w = -3*o - 7 + 19. Calculate k(o).
12
Let x be (4/(-6))/((-15)/((-135)/(-2))). Suppose -k + x = -4*k. Let a(r) = 3*r**3 - r**2 + r + 1. Calculate a(k).
-4
Let d(r) be the second derivative of -r**4/12 + r**3 + r**2/2 + 1542*r - 1. Suppose -w - 20 = -5*w. Give d(w).
6
Suppose 0 = -25*s + 18*s + 21. Let n(f) = 91*f**2 + 92*f**2 - 182*f**2 - 3 + s*f. Suppose 4*t - 3*t = -4. Determine n(t).
1
Let h(c) be the first derivative of -c**5/60 - c**4/3 - 4*c**3/3 - 8*c**2 - 70. Let y(m) be the second derivative of h(m). Determine y(-9).
-17
Suppose -36 = -5*m + n, n - 7 = -3*m + 13. Let q(g) be the second derivative of 2*g + 3/2*g**2 - 1/6*g**3 + 2. Calculate q(m).
-4
Let y(c) = -c**3 + 15*c**2 + 18*c - 31. Let f(x) = -x + 15. Let h be f(17). Let i be h/(-22) - (-350)/22. Determine y(i).
1
Let d(g) = g**3 + 7*g**2 + 5*g + 7. Let w be (-3)/9 - 7 - (-2)/(-3). Let o(z) = -27*z - 222. Let f be o(w). What is d(f)?
13
Let f(c) = -25*c + 138. Let q(s) = -s**2 - 20*s. Let b(g) = -f(g) - q(g). What is b(3)?
6
Let l(d) = 17*d**2 + 4*d + 49. Let m(c) = 11*c**2 + 4*c + 49. Let x(s) = 2*l(s) - 3*m(s). Give x(-6).
11
Let p(s) = 3*s + 3. Let l(n) = -n**2 - n - 2. Let u(r) = 8*r - 14. Let b be u(2). Let j(i) = b*l(i) + p(i). Give j(2).
-7
Let t(a) = 18*a - 145. Let c(i) = -i**2 - 25*i - 58. Let j be c(-3). What is t(j)?
-1
Suppose 23611 - 22566 = -209*j. Let f(z) = -7*z**2 - 7*z - 5. Let m(t) = -4*t**2 - 3*t - 2. Let k(u) = -3*f(u) + 5*m(u). Determine k(j).
0
Let s(y) = 11*y**2 - 3*y**2 + 166560*y + 21 - 166566*y + y**3. Calculate s(-9).
-6
Let c(k) = -k**3 - 7*k**2 + 4. Let i be c(-7). Suppose 2*a - 4 + 2 = 4*d, 5*a - i*d - 11 = 0. Let l(h) = a - 1 - 332*h + 333*h - 4. Determine l(4).
2
Let n(v) be the first derivative of -v**4/8 + 8*v**3/3 + v**2/2 + 9*v - 283. Let z(l) be the second derivative of n(l). Determine z(7).
-5
Suppose 5*n + 2992*m - 2987*m - 30 = 0, 4*n - 31 = 3*m. Let r(j) = -2*j - 2 + 8 + 0 + 1. What is r(n)?
-7
Let g(t) = -t**3 - 14*t**2 - 11*t + 10. Let u be 13*(-10)/(-65)*(-26)/4. Calculate g(u).
-16
Let w(s) be the second derivative of 11*s - 1/20*s**5 + 3/2*s**3 - 1 + 7/2*s**2 - 1/2*s**4. Give w(-7).
-7
Let b(x) = 18*x + 77. Let n(v) = 8*v + 29. Let u(z) = 2*b(z) - 5*n(z). What is u(4)?
-7
Let l(c) = -c**2 - 3*c + 138. Let g be l(-12). Suppose -4*m - 147 = 5*p, 4*p - 2*m + 128 = -0*m. Let w = g + p. Let z(i) = 6*i**3 + i + 1. Calculate z(w).
-6
Let c = -16 - -26. Let z(o) be the third derivative of o**6/120 - 11*o**5/60 + o**4/3 + o**3/6 + 116958*o**2. Calculate z(c).
-19
Let t(w) = 12*w + 29. Suppose 102 = -26*j + 22 - 102. What is t(j)?
-55
Suppose m - 23 = 5*t, -18*t = m - 13*t + 17. Let f(u) = -7*u - 2. Let n(l) = 6*l + 3. Let h(g) = m*n(g) + 4*f(g). Determine h(2).
-19
Let r(o) be the third derivative of -1/2*o**4 - 1/120*o**6 - 107*o**2 + 0*o + 1/6*o**5 - 1/6*o**3 + 0. Determine r(9).
-28
Let a(f) be the first derivative of 0*f**2 + 0*f - 9 + 1/180*f**6 - 1/24*f**5 + 3*f**3 + 1/6*f**4. Let j(n) be the third derivative of a(n). What is j(3)?
7
Let b(h) = 2*h + 174 - 57 - 4*h**2 - 37 - h**3 - 43 - 13*h**2. Calculate b(-17).
3
Let u(z) = -z**3 - 6*z**2 + 3*z + 4. Let d = 166 + -152. Let j(w) = -2*w**3 - w + 9 + 3*w + 4*w - d*w**2 + w**2. Let x(c) = 2*j(c) - 5*u(c). Determine x(-4).
10
Let b(j) = 3*j - 89393 + 178787 - 89373. Determine b(1).
24
Let k(c) = c - 11. Let x be k(14). Let j(f) = -2 - 1661*f**3 - 6*f**2 + 1660*f**x + 3 - 5*f. Suppose 10*o = 107 - 157. What is j(o)?
1
Let t = 127 + -121. Let l(n) = -10811*n + 10809*n + 0*n**2 - 1 + n**2. What is l(t)?
23
Let u(r) = 18*r**2 + 3*r - 165. Let v(f) = 7*f**2 + f - 69. Let l(o) = -5*u(o) + 12*v(o). What is l(-2)?
-21
Let w(u) = u**2 - u. Suppose 5*p + 47 = 6*p. Let t = 49 - p. Give w(t).
2
Let g(v) = 4*v**2 + 3*v + 2. Let n(c) = 2*c**2 + 6 + 51 + 0*c**2 - 3*c**2 + 0*c + 11*c. Let f be n(15). Calculate g(f).
29
Let j(i) be the first derivative of -i**4/4 - 5*i**3/3 + 2*i**2 - 6*i + 1. Let u = -1104 - -1098. Determine j(u).
6
Let s(p) = 2*p**2 - p - 2. Let f be s(-1). Let z(n) be the second derivative of -n**4/12 - n**3/2 + n**2 + 97*n - 1. What is z(f)?
-2
Suppose 5*t = 3*o + 6, -t - 20 = 2*o + t. Let g(b) be the second derivative of -b**3/2